{"id":982,"date":"2026-01-21T12:01:22","date_gmt":"2026-01-21T12:01:22","guid":{"rendered":"https:\/\/vr4tourism.footar.co\/?post_type=product&#038;p=982"},"modified":"2026-01-29T17:48:56","modified_gmt":"2026-01-29T17:48:56","slug":"mercado-dos-lavradores","status":"publish","type":"product","link":"https:\/\/vr4tourism.footar.co\/pt-pt\/loja\/mercado-dos-lavradores\/","title":{"rendered":"Mercado dos Lavradores"},"content":{"rendered":"<p>A Madeira \u00e9 c\u00e9lebre pelos seus produtos regionais de excel\u00eancia, fruto em grande parte da extraordin\u00e1ria fertilidade dos solos aliada ao clima subtropical de que usufrui. O Mercado dos Lavradores, que ocupa um lugar destacado no centro do Funchal, pode ser definido como um museu-vivo onde o protagonismo \u00e9 dado \u00e0 frescura, \u00e0 vivacidade e \u00e0 tropicalidade dos sabores do arquip\u00e9lago.<\/p>\n<p>Inaugurado em 1940 no centro do Funchal, o Mercado dos Lavradores \u00e9 o polo abastecedor da cidade. Encontre aqui os produtos frescos e tropicais mais c\u00e9lebres do arquip\u00e9lago da Madeira.<\/p>\n<p>A pan\u00f3plia de cores, de aromas, de gentes e de sabores que caracterizam este mercado da Madeira tornam-no singular. Descubra-o!<\/p>\n<div class=\"gallery\">\n<section class=\"carousel\" data-layout=\"dots\">\n<div id=\"sliderlocations-8447a070-32f3-4b96-bdae-79ca85d48325\" class=\"carousel-slider\" role=\"region\" data-carousel=\"dots\" aria-roledescription=\"carousel\" aria-label=\"Mercado dos Lavradores\" aria-live=\"polite\">\n<div class=\"slider-viewport is-draggable\">\n<div class=\"slider-container\" role=\"group\" aria-roledescription=\"Slide\"><\/div>\n<\/div>\n<\/div>\n<\/section>\n<\/div>\n","protected":false},"excerpt":{"rendered":"<p>A Madeira \u00e9 c\u00e9lebre pelos seus produtos regionais de excel\u00eancia, fruto em grande parte da extraordin\u00e1ria fertilidade dos solos aliada ao clima subtropical de que usufrui. O Mercado dos Lavradores, que ocupa um lugar destacado no centro do Funchal, pode ser definido como um museu-vivo onde o protagonismo \u00e9 dado \u00e0 frescura, \u00e0 vivacidade e [&hellip;]<\/p>\n","protected":false},"featured_media":984,"template":"","meta":{"_acf_changed":false},"product_brand":[],"product_cat":[15,155],"product_tag":[],"class_list":{"0":"post-982","1":"product","2":"type-product","3":"status-publish","4":"has-post-thumbnail","6":"product_cat-attractions","7":"product_cat-shopping","9":"first","10":"instock","11":"taxable","12":"shipping-taxable","13":"product-type-simple"},"acf":[],"_links":{"self":[{"href":"https:\/\/vr4tourism.footar.co\/pt-pt\/wp-json\/wp\/v2\/product\/982","targetHints":{"allow":["GET"]}}],"collection":[{"href":"https:\/\/vr4tourism.footar.co\/pt-pt\/wp-json\/wp\/v2\/product"}],"about":[{"href":"https:\/\/vr4tourism.footar.co\/pt-pt\/wp-json\/wp\/v2\/types\/product"}],"wp:featuredmedia":[{"embeddable":true,"href":"https:\/\/vr4tourism.footar.co\/pt-pt\/wp-json\/wp\/v2\/media\/984"}],"wp:attachment":[{"href":"https:\/\/vr4tourism.footar.co\/pt-pt\/wp-json\/wp\/v2\/media?parent=982"}],"wp:term":[{"taxonomy":"product_brand","embeddable":true,"href":"https:\/\/vr4tourism.footar.co\/pt-pt\/wp-json\/wp\/v2\/product_brand?post=982"},{"taxonomy":"product_cat","embeddable":true,"href":"https:\/\/vr4tourism.footar.co\/pt-pt\/wp-json\/wp\/v2\/product_cat?post=982"},{"taxonomy":"product_tag","embeddable":true,"href":"https:\/\/vr4tourism.footar.co\/pt-pt\/wp-json\/wp\/v2\/product_tag?post=982"}],"curies":[{"name":"wp","href":"https:\/\/api.w.org\/{rel}","templated":true}]}}

<p>A Madeira é célebre pelos seus produtos regionais de excelência, fruto em grande parte da extraordinária fertilidade dos solos aliada ao clima subtropical de que usufrui. O Mercado dos Lavradores, que ocupa um lugar destacado no centro do Funchal, pode ser definido como um museu-vivo onde o protagonismo é dado à frescura, à vivacidade e à tropicalidade dos sabores do arquipélago.</p>
<p>Inaugurado em 1940 no centro do Funchal, o Mercado dos Lavradores é o polo abastecedor da cidade. Encontre aqui os produtos frescos e tropicais mais célebres do arquipélago da Madeira.</p>
<p>A panóplia de cores, de aromas, de gentes e de sabores que caracterizam este mercado da Madeira tornam-no singular. Descubra-o!</p>
<div class="gallery">
<section class="carousel" data-layout="dots">
<div id="sliderlocations-8447a070-32f3-4b96-bdae-79ca85d48325" class="carousel-slider" role="region" data-carousel="dots" aria-roledescription="carousel" aria-label="Mercado dos Lavradores" aria-live="polite">
<div class="slider-viewport is-draggable">
<div class="slider-container" role="group" aria-roledescription="Slide"></div>
</div>
</div>
</section>
</div>

<p>A Madeira é célebre pelos seus produtos regionais de excelência, fruto em grande parte da extraordinária fertilidade dos solos aliada ao clima subtropical de que usufrui. O Mercado dos Lavradores, que ocupa um lugar destacado no centro do Funchal, pode ser definido como um museu-vivo onde o protagonismo é dado à frescura, à vivacidade e [&hellip;]</p>
