{"id":920,"date":"2026-01-21T09:51:34","date_gmt":"2026-01-21T09:51:34","guid":{"rendered":"https:\/\/vr4tourism.footar.co\/?post_type=product&#038;p=920"},"modified":"2026-01-29T17:50:39","modified_gmt":"2026-01-29T17:50:39","slug":"cabo-girao","status":"publish","type":"product","link":"https:\/\/vr4tourism.footar.co\/pt-pt\/loja\/cabo-girao\/","title":{"rendered":"Miradouro do Cabo Gir\u00e3o"},"content":{"rendered":"<div class=\"Y3BBE\" data-sfc-cp=\"\" data-hveid=\"CAEIARAA\" data-processed=\"true\" data-complete=\"true\">O Cabo Gir\u00e3o, situado na costa sul da ilha da Madeira, em C\u00e2mara de Lobos, afirma-se em 2026 como um dos ex-l\u00edbris tur\u00edsticos de Portugal. Com uma altitude imponente de 580 metros, \u00e9 reconhecido como o cabo mais alto da Europa e um dos maiores promont\u00f3rios verticais do mundo.<br \/>\nO principal atrativo \u00e9 o seu miradouro renovado, que disp\u00f5e de uma plataforma suspensa em vidro \u2014 o &#8220;skywalk&#8221;. Esta estrutura permite aos visitantes caminhar literalmente sobre o abismo, oferecendo uma experi\u00eancia de adrenalina \u00fanica com vista direta para as \u00e1guas cristalinas do Atl\u00e2ntico e para as &#8220;Faj\u00e3s do Cabo Gir\u00e3o&#8221;, pequenas \u00e1reas de cultivo situadas na base da fal\u00e9sia.<br \/>\nHistoricamente, o acesso a estas terras f\u00e9rteis era feito apenas por barco, mas hoje o Telef\u00e9rico do Rancho facilita a descida. Al\u00e9m da vertente contemplativa, o local \u00e9 um centro para desportos de aventura, como o base-jumping e o parapente. A envolv\u00eancia \u00e9 enriquecida pela Capela de Nossa Senhora de F\u00e1tima, um ponto de f\u00e9 e paz no topo deste gigante de rocha.<\/div>\n","protected":false},"excerpt":{"rendered":"<p>O Cabo Gir\u00e3o, situado na costa sul da ilha da Madeira, em C\u00e2mara de Lobos, afirma-se em 2026 como um dos ex-l\u00edbris tur\u00edsticos de Portugal. Com uma altitude imponente de 580 metros, \u00e9 reconhecido como o cabo mais alto da Europa e um dos maiores promont\u00f3rios verticais do mundo. O principal atrativo \u00e9 o seu [&hellip;]<\/p>\n","protected":false},"featured_media":921,"template":"","meta":{"_acf_changed":false},"product_brand":[],"product_cat":[15],"product_tag":[],"class_list":{"0":"post-920","1":"product","2":"type-product","3":"status-publish","4":"has-post-thumbnail","6":"product_cat-attractions","8":"first","9":"instock","10":"taxable","11":"shipping-taxable","12":"purchasable","13":"product-type-simple"},"acf":[],"_links":{"self":[{"href":"https:\/\/vr4tourism.footar.co\/pt-pt\/wp-json\/wp\/v2\/product\/920","targetHints":{"allow":["GET"]}}],"collection":[{"href":"https:\/\/vr4tourism.footar.co\/pt-pt\/wp-json\/wp\/v2\/product"}],"about":[{"href":"https:\/\/vr4tourism.footar.co\/pt-pt\/wp-json\/wp\/v2\/types\/product"}],"wp:featuredmedia":[{"embeddable":true,"href":"https:\/\/vr4tourism.footar.co\/pt-pt\/wp-json\/wp\/v2\/media\/921"}],"wp:attachment":[{"href":"https:\/\/vr4tourism.footar.co\/pt-pt\/wp-json\/wp\/v2\/media?parent=920"}],"wp:term":[{"taxonomy":"product_brand","embeddable":true,"href":"https:\/\/vr4tourism.footar.co\/pt-pt\/wp-json\/wp\/v2\/product_brand?post=920"},{"taxonomy":"product_cat","embeddable":true,"href":"https:\/\/vr4tourism.footar.co\/pt-pt\/wp-json\/wp\/v2\/product_cat?post=920"},{"taxonomy":"product_tag","embeddable":true,"href":"https:\/\/vr4tourism.footar.co\/pt-pt\/wp-json\/wp\/v2\/product_tag?post=920"}],"curies":[{"name":"wp","href":"https:\/\/api.w.org\/{rel}","templated":true}]}}

Miradouro do Cabo Girão

<div class="Y3BBE" data-sfc-cp="" data-hveid="CAEIARAA" data-processed="true" data-complete="true">O Cabo Girão, situado na costa sul da ilha da Madeira, em Câmara de Lobos, afirma-se em 2026 como um dos ex-líbris turísticos de Portugal. Com uma altitude imponente de 580 metros, é reconhecido como o cabo mais alto da Europa e um dos maiores promontórios verticais do mundo.<br />
O principal atrativo é o seu miradouro renovado, que dispõe de uma plataforma suspensa em vidro — o &#8220;skywalk&#8221;. Esta estrutura permite aos visitantes caminhar literalmente sobre o abismo, oferecendo uma experiência de adrenalina única com vista direta para as águas cristalinas do Atlântico e para as &#8220;Fajãs do Cabo Girão&#8221;, pequenas áreas de cultivo situadas na base da falésia.<br />
Historicamente, o acesso a estas terras férteis era feito apenas por barco, mas hoje o Teleférico do Rancho facilita a descida. Além da vertente contemplativa, o local é um centro para desportos de aventura, como o base-jumping e o parapente. A envolvência é enriquecida pela Capela de Nossa Senhora de Fátima, um ponto de fé e paz no topo deste gigante de rocha.</div>

<p>O Cabo Girão, situado na costa sul da ilha da Madeira, em Câmara de Lobos, afirma-se em 2026 como um dos ex-líbris turísticos de Portugal. Com uma altitude imponente de 580 metros, é reconhecido como o cabo mais alto da Europa e um dos maiores promontórios verticais do mundo. O principal atrativo é o seu [&hellip;]</p>
