{"id":89,"date":"2025-04-23T14:50:58","date_gmt":"2025-04-23T14:50:58","guid":{"rendered":"https:\/\/pay.footar.co\/?post_type=product&#038;p=89"},"modified":"2026-01-29T17:55:33","modified_gmt":"2026-01-29T17:55:33","slug":"carrinhos-cesto","status":"publish","type":"product","link":"https:\/\/vr4tourism.footar.co\/pt-pt\/loja\/carrinhos-cesto\/","title":{"rendered":"Carrinhos de Cesto"},"content":{"rendered":"<div class=\"ewa-rteLine\">\n<div class=\"ewa-rteLine\">\n<div class=\"ewa-rteLine\">\n<div class=\"ewa-rteLine\">\n<div class=\"ewa-rteLine\">\n<div class=\"ewa-rteLine\">Com o tempo, os carrinhos de cesto da Madeira tornaram-se num dos cart\u00f5es de visita mais c\u00e9lebres do arquip\u00e9lago. Proporcionam aos visitantes uma experi\u00eancia que, al\u00e9m de ser memor\u00e1vel, \u00e9 certamente inimit\u00e1vel.<\/div>\n<\/div>\n<\/div>\n<\/div>\n<\/div>\n<\/div>\n<div class=\"ewa-rteLine\">Estes ve\u00edculos sui generis foram criados no s\u00e9culo XIX, altura em que eram utilizados como meio de transporte p\u00fablico pela popula\u00e7\u00e3o da freguesia do Monte, situada a cerca de 500 metros de altitude, para descer mais rapidamente at\u00e9 \u00e0 cidade do Funchal. Atualmente, s\u00e3o um dos ex-libris da regi\u00e3o.<\/div>\n<div class=\"ewa-rteLine\">Os internacionalmente famosos carrinhos de cesto da Madeira s\u00e3o produzidos manualmente, com vime e madeira, por artes\u00e3os e carpinteiros especializados. S\u00e3o depois empurrados por dois condutores, denominados \u201ccarreiros\u201d, que se apresentam com um traje t\u00edpico branco e chap\u00e9u de palha. Com uma reconhecida per\u00edcia, utilizam as pr\u00f3prias botas, dotadas de solas de borracha grossas, como trav\u00f5es para controlar o ve\u00edculo durante o trajeto.<\/div>\n<div class=\"ewa-rteLine\"><\/div>\n<div class=\"ewa-rteLine\">O percurso dos carrinhos de cesto da Madeira tem dois quil\u00f3metros, realizado em cerca de 10 minutos, tendo in\u00edcio na freguesia do Monte, em dire\u00e7\u00e3o ao Funchal, para terminar na localidade do Livramento. Al\u00e9m da adrenalina e da emo\u00e7\u00e3o que proporciona, esta viagem oferece uma vista panor\u00e2mica sobre a capital madeirense, com o oceano de fundo.<\/div>\n","protected":false},"excerpt":{"rendered":"<div class=\"ewa-rteLine\">\n<div class=\"ewa-rteLine\">\n<div class=\"ewa-rteLine\">\n<div class=\"ewa-rteLine\">\n<div class=\"ewa-rteLine\">\n<div class=\"ewa-rteLine\">Com o tempo, os carrinhos de cesto da Madeira tornaram-se num dos cart\u00f5es de visita mais c\u00e9lebres do arquip\u00e9lago. Proporcionam aos visitantes uma experi\u00eancia que, al\u00e9m de ser memor\u00e1vel, \u00e9 certamente inimit\u00e1vel.<\/div>\n<\/div>\n<\/div>\n<\/div>\n<\/div>\n<\/div>\n<div class=\"ewa-rteLine\">Estes ve\u00edculos sui generis foram criados no s\u00e9culo XIX, altura em que eram utilizados como meio de transporte p\u00fablico pela popula\u00e7\u00e3o da freguesia do Monte, situada a cerca de 500 metros de altitude, para descer mais rapidamente at\u00e9 \u00e0 cidade do Funchal. Atualmente, s\u00e3o um dos ex-libris da regi\u00e3o.<\/div>\n<div class=\"ewa-rteLine\">Os internacionalmente famosos carrinhos de cesto da Madeira s\u00e3o produzidos manualmente, com vime e madeira, por artes\u00e3os e carpinteiros especializados. S\u00e3o depois empurrados por dois condutores, denominados \u201ccarreiros\u201d, que se apresentam com um traje t\u00edpico branco e chap\u00e9u de palha. Com uma reconhecida per\u00edcia, utilizam as pr\u00f3prias botas, dotadas de solas de borracha grossas, como trav\u00f5es para controlar o ve\u00edculo durante o trajeto.<\/div>\n<div class=\"ewa-rteLine\"><\/div>\n<div class=\"ewa-rteLine\">O percurso dos carrinhos de cesto da Madeira tem dois quil\u00f3metros, realizado em cerca de 10 minutos, tendo in\u00edcio na freguesia do Monte, em dire\u00e7\u00e3o ao Funchal, para terminar na localidade do Livramento. Al\u00e9m da adrenalina e da emo\u00e7\u00e3o que proporciona, esta viagem oferece uma vista panor\u00e2mica sobre a capital madeirense, com o oceano de fundo.<\/div>\n","protected":false},"featured_media":147,"template":"","meta":{"_acf_changed":false},"product_brand":[],"product_cat":[15,18],"product_tag":[19],"class_list":{"0":"post-89","1":"product","2":"type-product","3":"status-publish","4":"has-post-thumbnail","6":"product_cat-attractions","7":"product_cat-transports","8":"product_tag-viagens","10":"first","11":"instock","12":"taxable","13":"shipping-taxable","14":"purchasable","15":"product-type-simple"},"acf":[],"_links":{"self":[{"href":"https:\/\/vr4tourism.footar.co\/pt-pt\/wp-json\/wp\/v2\/product\/89","targetHints":{"allow":["GET"]}}],"collection":[{"href":"https:\/\/vr4tourism.footar.co\/pt-pt\/wp-json\/wp\/v2\/product"}],"about":[{"href":"https:\/\/vr4tourism.footar.co\/pt-pt\/wp-json\/wp\/v2\/types\/product"}],"wp:featuredmedia":[{"embeddable":true,"href":"https:\/\/vr4tourism.footar.co\/pt-pt\/wp-json\/wp\/v2\/media\/147"}],"wp:attachment":[{"href":"https:\/\/vr4tourism.footar.co\/pt-pt\/wp-json\/wp\/v2\/media?parent=89"}],"wp:term":[{"taxonomy":"product_brand","embeddable":true,"href":"https:\/\/vr4tourism.footar.co\/pt-pt\/wp-json\/wp\/v2\/product_brand?post=89"},{"taxonomy":"product_cat","embeddable":true,"href":"https:\/\/vr4tourism.footar.co\/pt-pt\/wp-json\/wp\/v2\/product_cat?post=89"},{"taxonomy":"product_tag","embeddable":true,"href":"https:\/\/vr4tourism.footar.co\/pt-pt\/wp-json\/wp\/v2\/product_tag?post=89"}],"curies":[{"name":"wp","href":"https:\/\/api.w.org\/{rel}","templated":true}]}}

<div class="ewa-rteLine">
<div class="ewa-rteLine">
<div class="ewa-rteLine">
<div class="ewa-rteLine">
<div class="ewa-rteLine">
<div class="ewa-rteLine">Com o tempo, os carrinhos de cesto da Madeira tornaram-se num dos cartões de visita mais célebres do arquipélago. Proporcionam aos visitantes uma experiência que, além de ser memorável, é certamente inimitável.</div>
</div>
</div>
</div>
</div>
</div>
<div class="ewa-rteLine">Estes veículos sui generis foram criados no século XIX, altura em que eram utilizados como meio de transporte público pela população da freguesia do Monte, situada a cerca de 500 metros de altitude, para descer mais rapidamente até à cidade do Funchal. Atualmente, são um dos ex-libris da região.</div>
<div class="ewa-rteLine">Os internacionalmente famosos carrinhos de cesto da Madeira são produzidos manualmente, com vime e madeira, por artesãos e carpinteiros especializados. São depois empurrados por dois condutores, denominados “carreiros”, que se apresentam com um traje típico branco e chapéu de palha. Com uma reconhecida perícia, utilizam as próprias botas, dotadas de solas de borracha grossas, como travões para controlar o veículo durante o trajeto.</div>
<div class="ewa-rteLine"></div>
<div class="ewa-rteLine">O percurso dos carrinhos de cesto da Madeira tem dois quilómetros, realizado em cerca de 10 minutos, tendo início na freguesia do Monte, em direção ao Funchal, para terminar na localidade do Livramento. Além da adrenalina e da emoção que proporciona, esta viagem oferece uma vista panorâmica sobre a capital madeirense, com o oceano de fundo.</div>
