{"id":872,"date":"2026-01-19T16:54:23","date_gmt":"2026-01-19T16:54:23","guid":{"rendered":"https:\/\/vr4tourism.footar.co\/?post_type=product&#038;p=872"},"modified":"2026-01-29T17:51:20","modified_gmt":"2026-01-29T17:51:20","slug":"museu-da-baleia","status":"publish","type":"product","link":"https:\/\/vr4tourism.footar.co\/pt-pt\/loja\/museu-da-baleia\/","title":{"rendered":"Museu da Baleia"},"content":{"rendered":"<p>O Museu da Baleia da Madeira, MBM, \u00e9 um museu portugu\u00eas sobre a hist\u00f3ria da ca\u00e7a \u00e0 baleia nos mares do arquip\u00e9lago da Madeira. Fica na vila piscat\u00f3ria do Cani\u00e7al, em Machico. A sua cria\u00e7\u00e3o foi proposta em 1989 e foi constitu\u00eddo em 26 de fevereiro de 1990.<\/p>\n<p>O Museu recorre a uma grande sala, com modelos de baleias e golfinhos em tamanho real, para dar a conhecer a vida destas criaturas fant\u00e1sticas e do seu meio marinho, de forma divertida, interactiva e utilizando filmes 3D estereosc\u00f3picos. Para al\u00e9m da componente museogr\u00e1fica os visitantes podem usufruir da Loja do Museu com produtos \u00fanicos do Museu associados \u00e0s tem\u00e1ticas do mar e das baleias e golfinhos; Servi\u00e7os Educativos que desenvolvem actividades para escolas; Exposi\u00e7\u00f5es Tempor\u00e1rias que ir\u00e3o trazendo novas e diversificadas tem\u00e1ticas ligadas ao mar, \u00e0 ci\u00eancia, \u00e0 hist\u00f3ria, \u00e0s artes e cultura. A institui\u00e7\u00e3o tamb\u00e9m promove projectos de investiga\u00e7\u00e3o cient\u00edfica sobre os cet\u00e1ceos e a vida marinha nos mares da madeira, bem como a recolha, preserva\u00e7\u00e3o e estudo de patrim\u00f3nio sobre a hist\u00f3ria da ca\u00e7a \u00e0 baleia na Madeira.<\/p>\n","protected":false},"excerpt":{"rendered":"<p>O Museu da Baleia da Madeira, MBM, \u00e9 um museu portugu\u00eas sobre a hist\u00f3ria da ca\u00e7a \u00e0 baleia nos mares do arquip\u00e9lago da Madeira. Fica na vila piscat\u00f3ria do Cani\u00e7al, em Machico. A sua cria\u00e7\u00e3o foi proposta em 1989 e foi constitu\u00eddo em 26 de fevereiro de 1990. O Museu recorre a uma grande sala, [&hellip;]<\/p>\n","protected":false},"featured_media":878,"template":"","meta":{"_acf_changed":false},"product_brand":[],"product_cat":[43,15],"product_tag":[],"class_list":{"0":"post-872","1":"product","2":"type-product","3":"status-publish","4":"has-post-thumbnail","6":"product_cat-nature","7":"product_cat-attractions","9":"first","10":"instock","11":"taxable","12":"shipping-taxable","13":"purchasable","14":"product-type-simple"},"acf":[],"_links":{"self":[{"href":"https:\/\/vr4tourism.footar.co\/pt-pt\/wp-json\/wp\/v2\/product\/872","targetHints":{"allow":["GET"]}}],"collection":[{"href":"https:\/\/vr4tourism.footar.co\/pt-pt\/wp-json\/wp\/v2\/product"}],"about":[{"href":"https:\/\/vr4tourism.footar.co\/pt-pt\/wp-json\/wp\/v2\/types\/product"}],"wp:featuredmedia":[{"embeddable":true,"href":"https:\/\/vr4tourism.footar.co\/pt-pt\/wp-json\/wp\/v2\/media\/878"}],"wp:attachment":[{"href":"https:\/\/vr4tourism.footar.co\/pt-pt\/wp-json\/wp\/v2\/media?parent=872"}],"wp:term":[{"taxonomy":"product_brand","embeddable":true,"href":"https:\/\/vr4tourism.footar.co\/pt-pt\/wp-json\/wp\/v2\/product_brand?post=872"},{"taxonomy":"product_cat","embeddable":true,"href":"https:\/\/vr4tourism.footar.co\/pt-pt\/wp-json\/wp\/v2\/product_cat?post=872"},{"taxonomy":"product_tag","embeddable":true,"href":"https:\/\/vr4tourism.footar.co\/pt-pt\/wp-json\/wp\/v2\/product_tag?post=872"}],"curies":[{"name":"wp","href":"https:\/\/api.w.org\/{rel}","templated":true}]}}

<p>O Museu da Baleia da Madeira, MBM, é um museu português sobre a história da caça à baleia nos mares do arquipélago da Madeira. Fica na vila piscatória do Caniçal, em Machico. A sua criação foi proposta em 1989 e foi constituído em 26 de fevereiro de 1990.</p>
<p>O Museu recorre a uma grande sala, com modelos de baleias e golfinhos em tamanho real, para dar a conhecer a vida destas criaturas fantásticas e do seu meio marinho, de forma divertida, interactiva e utilizando filmes 3D estereoscópicos. Para além da componente museográfica os visitantes podem usufruir da Loja do Museu com produtos únicos do Museu associados às temáticas do mar e das baleias e golfinhos; Serviços Educativos que desenvolvem actividades para escolas; Exposições Temporárias que irão trazendo novas e diversificadas temáticas ligadas ao mar, à ciência, à história, às artes e cultura. A instituição também promove projectos de investigação científica sobre os cetáceos e a vida marinha nos mares da madeira, bem como a recolha, preservação e estudo de património sobre a história da caça à baleia na Madeira.</p>

<p>O Museu da Baleia da Madeira, MBM, é um museu português sobre a história da caça à baleia nos mares do arquipélago da Madeira. Fica na vila piscatória do Caniçal, em Machico. A sua criação foi proposta em 1989 e foi constituído em 26 de fevereiro de 1990. O Museu recorre a uma grande sala, [&hellip;]</p>
