{"id":1244,"date":"2026-01-21T16:35:34","date_gmt":"2026-01-21T16:35:34","guid":{"rendered":"https:\/\/vr4tourism.footar.co\/?post_type=product&#038;p=1244"},"modified":"2026-01-29T17:35:47","modified_gmt":"2026-01-29T17:35:47","slug":"rua-dr-fernao-de-ornelas","status":"publish","type":"product","link":"https:\/\/vr4tourism.footar.co\/pt-pt\/loja\/rua-dr-fernao-de-ornelas\/","title":{"rendered":"Rua Dr. Fern\u00e3o de Ornelas"},"content":{"rendered":"<p>A Rua Dr. Fern\u00e3o de Ornelas, com cerca de 200 metros de extens\u00e3o \u00e9 um marco do urbanismo modernista no Funchal, e permanece como a principal art\u00e9ria comercial do Funchal em 2026, ligando o Largo do Phelps ao Mercado dos Lavradores.<br \/>\nO seu nome homenageia o respons\u00e1vel pela moderniza\u00e7\u00e3o urbana da cidade entre 1935 e 1946, per\u00edodo em que foram projetadas infraestruturas fundamentais como a rede de \u00e1guas e esgotos, o pr\u00f3prio Mercado e o Matadouro. Atualmente, a rua \u00e9 uma zona pedonal din\u00e2mica, caracterizada pelo com\u00e9rcio tradicional e pela arquitetura de meados do s\u00e9culo XX.<\/p>\n","protected":false},"excerpt":{"rendered":"<p>A Rua Dr. Fern\u00e3o de Ornelas, com cerca de 200 metros de extens\u00e3o \u00e9 um marco do urbanismo modernista no Funchal, e permanece como a principal art\u00e9ria comercial do Funchal em 2026, ligando o Largo do Phelps ao Mercado dos Lavradores. O seu nome homenageia o respons\u00e1vel pela moderniza\u00e7\u00e3o urbana da cidade entre 1935 e [&hellip;]<\/p>\n","protected":false},"featured_media":1245,"template":"","meta":{"_acf_changed":false},"product_brand":[],"product_cat":[40,155],"product_tag":[],"class_list":{"0":"post-1244","1":"product","2":"type-product","3":"status-publish","4":"has-post-thumbnail","6":"product_cat-food","7":"product_cat-shopping","9":"first","10":"instock","11":"taxable","12":"shipping-taxable","13":"product-type-simple"},"acf":[],"_links":{"self":[{"href":"https:\/\/vr4tourism.footar.co\/pt-pt\/wp-json\/wp\/v2\/product\/1244","targetHints":{"allow":["GET"]}}],"collection":[{"href":"https:\/\/vr4tourism.footar.co\/pt-pt\/wp-json\/wp\/v2\/product"}],"about":[{"href":"https:\/\/vr4tourism.footar.co\/pt-pt\/wp-json\/wp\/v2\/types\/product"}],"wp:featuredmedia":[{"embeddable":true,"href":"https:\/\/vr4tourism.footar.co\/pt-pt\/wp-json\/wp\/v2\/media\/1245"}],"wp:attachment":[{"href":"https:\/\/vr4tourism.footar.co\/pt-pt\/wp-json\/wp\/v2\/media?parent=1244"}],"wp:term":[{"taxonomy":"product_brand","embeddable":true,"href":"https:\/\/vr4tourism.footar.co\/pt-pt\/wp-json\/wp\/v2\/product_brand?post=1244"},{"taxonomy":"product_cat","embeddable":true,"href":"https:\/\/vr4tourism.footar.co\/pt-pt\/wp-json\/wp\/v2\/product_cat?post=1244"},{"taxonomy":"product_tag","embeddable":true,"href":"https:\/\/vr4tourism.footar.co\/pt-pt\/wp-json\/wp\/v2\/product_tag?post=1244"}],"curies":[{"name":"wp","href":"https:\/\/api.w.org\/{rel}","templated":true}]}}

Rua Dr. Fernão de Ornelas

<p>A Rua Dr. Fernão de Ornelas, com cerca de 200 metros de extensão é um marco do urbanismo modernista no Funchal, e permanece como a principal artéria comercial do Funchal em 2026, ligando o Largo do Phelps ao Mercado dos Lavradores.<br />
O seu nome homenageia o responsável pela modernização urbana da cidade entre 1935 e 1946, período em que foram projetadas infraestruturas fundamentais como a rede de águas e esgotos, o próprio Mercado e o Matadouro. Atualmente, a rua é uma zona pedonal dinâmica, caracterizada pelo comércio tradicional e pela arquitetura de meados do século XX.</p>

<p>A Rua Dr. Fernão de Ornelas, com cerca de 200 metros de extensão é um marco do urbanismo modernista no Funchal, e permanece como a principal artéria comercial do Funchal em 2026, ligando o Largo do Phelps ao Mercado dos Lavradores. O seu nome homenageia o responsável pela modernização urbana da cidade entre 1935 e [&hellip;]</p>
