{"id":1216,"date":"2026-01-21T16:27:07","date_gmt":"2026-01-21T16:27:07","guid":{"rendered":"https:\/\/vr4tourism.footar.co\/?post_type=product&#038;p=1216"},"modified":"2026-01-29T17:41:40","modified_gmt":"2026-01-29T17:41:40","slug":"plaza-madeira","status":"publish","type":"product","link":"https:\/\/vr4tourism.footar.co\/pt-pt\/loja\/plaza-madeira\/","title":{"rendered":"Plaza Madeira"},"content":{"rendered":"<p>Plaza Madeira, anteriormente designado por La Vie Funchal e Dolce Vita Funchal, \u00e9 um centro comercial localizado no Funchal que consta 71 lojas e 900 lugares de estacionamento.<\/p>\n<p>Foi inaugurado a 23 de outubro de 2007, sendo ent\u00e3o o primeiro centro comercial portugu\u00eas concebido \u00e0 luz da arquitetura bioclim\u00e1tica. Inicialmente sob o nome Dolce Vita Funchal, foi um investimento do grupo espanhol Chamart\u00edn Imobiliaria que custou 67 milh\u00f5es de euros.<\/p>\n<p>Em 2008, o centro comercial foi eleito Melhor Empreendimento do Ano: Com\u00e9rcio pelos &#8220;\u00d3scares do Imobili\u00e1rio&#8221;, uma distin\u00e7\u00e3o atribu\u00edda pela Revista Imobili\u00e1ria.<\/p>\n","protected":false},"excerpt":{"rendered":"<p>Plaza Madeira, anteriormente designado por La Vie Funchal e Dolce Vita Funchal, \u00e9 um centro comercial localizado no Funchal que consta 71 lojas e 900 lugares de estacionamento. Foi inaugurado a 23 de outubro de 2007, sendo ent\u00e3o o primeiro centro comercial portugu\u00eas concebido \u00e0 luz da arquitetura bioclim\u00e1tica. Inicialmente sob o nome Dolce Vita [&hellip;]<\/p>\n","protected":false},"featured_media":1217,"template":"","meta":{"_acf_changed":false},"product_brand":[],"product_cat":[40,155],"product_tag":[],"class_list":{"0":"post-1216","1":"product","2":"type-product","3":"status-publish","4":"has-post-thumbnail","6":"product_cat-food","7":"product_cat-shopping","9":"first","10":"instock","11":"taxable","12":"shipping-taxable","13":"product-type-simple"},"acf":[],"_links":{"self":[{"href":"https:\/\/vr4tourism.footar.co\/pt-pt\/wp-json\/wp\/v2\/product\/1216","targetHints":{"allow":["GET"]}}],"collection":[{"href":"https:\/\/vr4tourism.footar.co\/pt-pt\/wp-json\/wp\/v2\/product"}],"about":[{"href":"https:\/\/vr4tourism.footar.co\/pt-pt\/wp-json\/wp\/v2\/types\/product"}],"wp:featuredmedia":[{"embeddable":true,"href":"https:\/\/vr4tourism.footar.co\/pt-pt\/wp-json\/wp\/v2\/media\/1217"}],"wp:attachment":[{"href":"https:\/\/vr4tourism.footar.co\/pt-pt\/wp-json\/wp\/v2\/media?parent=1216"}],"wp:term":[{"taxonomy":"product_brand","embeddable":true,"href":"https:\/\/vr4tourism.footar.co\/pt-pt\/wp-json\/wp\/v2\/product_brand?post=1216"},{"taxonomy":"product_cat","embeddable":true,"href":"https:\/\/vr4tourism.footar.co\/pt-pt\/wp-json\/wp\/v2\/product_cat?post=1216"},{"taxonomy":"product_tag","embeddable":true,"href":"https:\/\/vr4tourism.footar.co\/pt-pt\/wp-json\/wp\/v2\/product_tag?post=1216"}],"curies":[{"name":"wp","href":"https:\/\/api.w.org\/{rel}","templated":true}]}}

<p>Plaza Madeira, anteriormente designado por La Vie Funchal e Dolce Vita Funchal, é um centro comercial localizado no Funchal que consta 71 lojas e 900 lugares de estacionamento.</p>
<p>Foi inaugurado a 23 de outubro de 2007, sendo então o primeiro centro comercial português concebido à luz da arquitetura bioclimática. Inicialmente sob o nome Dolce Vita Funchal, foi um investimento do grupo espanhol Chamartín Imobiliaria que custou 67 milhões de euros.</p>
<p>Em 2008, o centro comercial foi eleito Melhor Empreendimento do Ano: Comércio pelos &#8220;Óscares do Imobiliário&#8221;, uma distinção atribuída pela Revista Imobiliária.</p>

<p>Plaza Madeira, anteriormente designado por La Vie Funchal e Dolce Vita Funchal, é um centro comercial localizado no Funchal que consta 71 lojas e 900 lugares de estacionamento. Foi inaugurado a 23 de outubro de 2007, sendo então o primeiro centro comercial português concebido à luz da arquitetura bioclimática. Inicialmente sob o nome Dolce Vita [&hellip;]</p>
