{"id":1129,"date":"2026-01-21T15:28:45","date_gmt":"2026-01-21T15:28:45","guid":{"rendered":"https:\/\/vr4tourism.footar.co\/?post_type=product&#038;p=1129"},"modified":"2026-01-29T17:45:43","modified_gmt":"2026-01-29T17:45:43","slug":"centro-cultural-e-de-investigacao-do-funchal","status":"publish","type":"product","link":"https:\/\/vr4tourism.footar.co\/pt-pt\/loja\/centro-cultural-e-de-investigacao-do-funchal\/","title":{"rendered":"Centro Cultural e de Investiga\u00e7\u00e3o do Funchal"},"content":{"rendered":"<p>Esgotada a sua fun\u00e7\u00e3o em 2004, o antigo edif\u00edcio do Matadouro, inaugurado por Fern\u00e3o de Ornelas em 1940, abre agora as suas portas, restaurado e preparado para acolher novas fun\u00e7\u00f5es na cria\u00e7\u00e3o e divulga\u00e7\u00e3o das artes e no apoio \u00e0 investiga\u00e7\u00e3o cient\u00edfica e tecnol\u00f3gica.<br \/>\nEm tempos conturbados como os que vivemos, em que a arte e o conhecimento s\u00e3o as armas privilegiadas para enfrentar as amea\u00e7as e desafios que se colocam \u00e0 sociedade, procura-se com o CCIF, na complementaridade harm\u00f3nica das suas novas e diferentes atividades, fundar um espa\u00e7o focado em servir a popula\u00e7\u00e3o do Funchal com equanimidade.<\/p>\n<p>Com uma programa\u00e7\u00e3o permanente de espet\u00e1culos, exposi\u00e7\u00f5es, congressos e atividades sociais procurar-se-\u00e1 mostra o novo, sem esquecer o antigo e incentivar a criatividade e a imagina\u00e7\u00e3o sem esquecer o objetivo final de promover uma solidariedade ativa entre os diferentes atores da vida da cidade, sem exclus\u00f5es nem esquecimentos.<\/p>\n","protected":false},"excerpt":{"rendered":"<p>Esgotada a sua fun\u00e7\u00e3o em 2004, o antigo edif\u00edcio do Matadouro, inaugurado por Fern\u00e3o de Ornelas em 1940, abre agora as suas portas, restaurado e preparado para acolher novas fun\u00e7\u00f5es na cria\u00e7\u00e3o e divulga\u00e7\u00e3o das artes e no apoio \u00e0 investiga\u00e7\u00e3o cient\u00edfica e tecnol\u00f3gica. Em tempos conturbados como os que vivemos, em que a arte [&hellip;]<\/p>\n","protected":false},"featured_media":1117,"template":"","meta":{"_acf_changed":false},"product_brand":[],"product_cat":[44],"product_tag":[],"class_list":{"0":"post-1129","1":"product","2":"type-product","3":"status-publish","4":"has-post-thumbnail","6":"product_cat-events","8":"first","9":"instock","10":"taxable","11":"shipping-taxable","12":"product-type-simple"},"acf":[],"_links":{"self":[{"href":"https:\/\/vr4tourism.footar.co\/pt-pt\/wp-json\/wp\/v2\/product\/1129","targetHints":{"allow":["GET"]}}],"collection":[{"href":"https:\/\/vr4tourism.footar.co\/pt-pt\/wp-json\/wp\/v2\/product"}],"about":[{"href":"https:\/\/vr4tourism.footar.co\/pt-pt\/wp-json\/wp\/v2\/types\/product"}],"wp:featuredmedia":[{"embeddable":true,"href":"https:\/\/vr4tourism.footar.co\/pt-pt\/wp-json\/wp\/v2\/media\/1117"}],"wp:attachment":[{"href":"https:\/\/vr4tourism.footar.co\/pt-pt\/wp-json\/wp\/v2\/media?parent=1129"}],"wp:term":[{"taxonomy":"product_brand","embeddable":true,"href":"https:\/\/vr4tourism.footar.co\/pt-pt\/wp-json\/wp\/v2\/product_brand?post=1129"},{"taxonomy":"product_cat","embeddable":true,"href":"https:\/\/vr4tourism.footar.co\/pt-pt\/wp-json\/wp\/v2\/product_cat?post=1129"},{"taxonomy":"product_tag","embeddable":true,"href":"https:\/\/vr4tourism.footar.co\/pt-pt\/wp-json\/wp\/v2\/product_tag?post=1129"}],"curies":[{"name":"wp","href":"https:\/\/api.w.org\/{rel}","templated":true}]}}

Centro Cultural e de Investigação do Funchal

<p>Esgotada a sua função em 2004, o antigo edifício do Matadouro, inaugurado por Fernão de Ornelas em 1940, abre agora as suas portas, restaurado e preparado para acolher novas funções na criação e divulgação das artes e no apoio à investigação científica e tecnológica.<br />
Em tempos conturbados como os que vivemos, em que a arte e o conhecimento são as armas privilegiadas para enfrentar as ameaças e desafios que se colocam à sociedade, procura-se com o CCIF, na complementaridade harmónica das suas novas e diferentes atividades, fundar um espaço focado em servir a população do Funchal com equanimidade.</p>
<p>Com uma programação permanente de espetáculos, exposições, congressos e atividades sociais procurar-se-á mostra o novo, sem esquecer o antigo e incentivar a criatividade e a imaginação sem esquecer o objetivo final de promover uma solidariedade ativa entre os diferentes atores da vida da cidade, sem exclusões nem esquecimentos.</p>

<p>Esgotada a sua função em 2004, o antigo edifício do Matadouro, inaugurado por Fernão de Ornelas em 1940, abre agora as suas portas, restaurado e preparado para acolher novas funções na criação e divulgação das artes e no apoio à investigação científica e tecnológica. Em tempos conturbados como os que vivemos, em que a arte [&hellip;]</p>
