{"id":1033,"date":"2026-01-21T12:41:18","date_gmt":"2026-01-21T12:41:18","guid":{"rendered":"https:\/\/vr4tourism.footar.co\/?post_type=product&#038;p=1033"},"modified":"2026-01-28T18:44:53","modified_gmt":"2026-01-28T18:44:53","slug":"parque-tematico-de-santana","status":"publish","type":"product","link":"https:\/\/vr4tourism.footar.co\/pt-pt\/loja\/parque-tematico-de-santana\/","title":{"rendered":"Parque Tem\u00e1tico da Madeira"},"content":{"rendered":"<p>O Parque Tem\u00e1tico da Madeira \u00e9 um parque tem\u00e1tico localizado no concelho de Santana, na Madeira. Foi inaugurado a 10 de outubro de 2004, com uma \u00e1rea de 145 000 metros quadrados.<\/p>\n<p>As principais atra\u00e7\u00f5es do Parque s\u00e3o: quatro pavilh\u00f5es multim\u00e9dia (&#8220;Descoberta das ilhas&#8221;, &#8220;Futuro da Terra&#8221;, &#8220;Viagem fant\u00e1stica na Madeira&#8221; e &#8220;Um mundo de ilhas, as ilhas no Mundo&#8221;), artesanato regional, os tradicionais carros de bois, uma r\u00e9plica do comboio do Monte, a casa t\u00edpica de Santana, a escultura de homenagem \u00e0 di\u00e1spora madeirense, um labirinto, um lago, um parque infantil, um campo de desportos radicais e os seus jardins, onde se podem encontrar in\u00fameras esp\u00e9cies da flora end\u00e9mica da Madeira.<\/p>\n","protected":false},"excerpt":{"rendered":"<p>O Parque Tem\u00e1tico da Madeira \u00e9 um parque tem\u00e1tico localizado no concelho de Santana, na Madeira. Foi inaugurado a 10 de outubro de 2004, com uma \u00e1rea de 145 000 metros quadrados. As principais atra\u00e7\u00f5es do Parque s\u00e3o: quatro pavilh\u00f5es multim\u00e9dia (&#8220;Descoberta das ilhas&#8221;, &#8220;Futuro da Terra&#8221;, &#8220;Viagem fant\u00e1stica na Madeira&#8221; e &#8220;Um mundo de [&hellip;]<\/p>\n","protected":false},"featured_media":1034,"template":"","meta":{"_acf_changed":false},"product_brand":[],"product_cat":[15,44],"product_tag":[],"class_list":{"0":"post-1033","1":"product","2":"type-product","3":"status-publish","4":"has-post-thumbnail","6":"product_cat-attractions","7":"product_cat-events","9":"first","10":"instock","11":"taxable","12":"shipping-taxable","13":"purchasable","14":"product-type-simple"},"acf":[],"_links":{"self":[{"href":"https:\/\/vr4tourism.footar.co\/pt-pt\/wp-json\/wp\/v2\/product\/1033","targetHints":{"allow":["GET"]}}],"collection":[{"href":"https:\/\/vr4tourism.footar.co\/pt-pt\/wp-json\/wp\/v2\/product"}],"about":[{"href":"https:\/\/vr4tourism.footar.co\/pt-pt\/wp-json\/wp\/v2\/types\/product"}],"wp:featuredmedia":[{"embeddable":true,"href":"https:\/\/vr4tourism.footar.co\/pt-pt\/wp-json\/wp\/v2\/media\/1034"}],"wp:attachment":[{"href":"https:\/\/vr4tourism.footar.co\/pt-pt\/wp-json\/wp\/v2\/media?parent=1033"}],"wp:term":[{"taxonomy":"product_brand","embeddable":true,"href":"https:\/\/vr4tourism.footar.co\/pt-pt\/wp-json\/wp\/v2\/product_brand?post=1033"},{"taxonomy":"product_cat","embeddable":true,"href":"https:\/\/vr4tourism.footar.co\/pt-pt\/wp-json\/wp\/v2\/product_cat?post=1033"},{"taxonomy":"product_tag","embeddable":true,"href":"https:\/\/vr4tourism.footar.co\/pt-pt\/wp-json\/wp\/v2\/product_tag?post=1033"}],"curies":[{"name":"wp","href":"https:\/\/api.w.org\/{rel}","templated":true}]}}

Parque Temático da Madeira

<p>O Parque Temático da Madeira é um parque temático localizado no concelho de Santana, na Madeira. Foi inaugurado a 10 de outubro de 2004, com uma área de 145 000 metros quadrados.</p>
<p>As principais atrações do Parque são: quatro pavilhões multimédia (&#8220;Descoberta das ilhas&#8221;, &#8220;Futuro da Terra&#8221;, &#8220;Viagem fantástica na Madeira&#8221; e &#8220;Um mundo de ilhas, as ilhas no Mundo&#8221;), artesanato regional, os tradicionais carros de bois, uma réplica do comboio do Monte, a casa típica de Santana, a escultura de homenagem à diáspora madeirense, um labirinto, um lago, um parque infantil, um campo de desportos radicais e os seus jardins, onde se podem encontrar inúmeras espécies da flora endémica da Madeira.</p>

<p>O Parque Temático da Madeira é um parque temático localizado no concelho de Santana, na Madeira. Foi inaugurado a 10 de outubro de 2004, com uma área de 145 000 metros quadrados. As principais atrações do Parque são: quatro pavilhões multimédia (&#8220;Descoberta das ilhas&#8221;, &#8220;Futuro da Terra&#8221;, &#8220;Viagem fantástica na Madeira&#8221; e &#8220;Um mundo de [&hellip;]</p>
