{"id":1006,"date":"2026-01-21T12:30:11","date_gmt":"2026-01-21T12:30:11","guid":{"rendered":"https:\/\/vr4tourism.footar.co\/?post_type=product&#038;p=1006"},"modified":"2026-01-29T17:48:00","modified_gmt":"2026-01-29T17:48:00","slug":"teatro-municipal-baltazar-dias","status":"publish","type":"product","link":"https:\/\/vr4tourism.footar.co\/pt-pt\/loja\/teatro-municipal-baltazar-dias\/","title":{"rendered":"Teatro Municipal Baltazar Dias"},"content":{"rendered":"<p>A sala de espet\u00e1culos do Teatro Municipal Baltazar Dias encontra-se preparada para apresenta\u00e7\u00e3o de espet\u00e1culos de teatro, dan\u00e7a, m\u00fasica e cinema. Esta sala caracteriza-se pela t\u00edpica cena \u00e0 italiana com palco fixo central, plateia, camarotes e frisas.<\/p>\n<p>Com uma lota\u00e7\u00e3o total de 384 Lugares o Teatro conta com:<\/p>\n<ul>\n<li>186 lugares sentados na plateia<\/li>\n<li>4 lugares adaptados para pessoas com mobilidade reduzida<\/li>\n<li>66 lugares nas frisas<\/li>\n<li>128 lugares nos Camarotes<\/li>\n<\/ul>\n<p>O Sal\u00e3o Nobre do Teatro Municipal Baltazar Dias \u00e9 um espa\u00e7o amplo e apto para acolher exposi\u00e7\u00f5es, confer\u00eancias, lan\u00e7amentos e outros certames em ambiente mais intimista com o p\u00fablico, tendo capacidade para 130 cadeiras.<\/p>\n","protected":false},"excerpt":{"rendered":"<p>A sala de espet\u00e1culos do Teatro Municipal Baltazar Dias encontra-se preparada para apresenta\u00e7\u00e3o de espet\u00e1culos de teatro, dan\u00e7a, m\u00fasica e cinema. Esta sala caracteriza-se pela t\u00edpica cena \u00e0 italiana com palco fixo central, plateia, camarotes e frisas. Com uma lota\u00e7\u00e3o total de 384 Lugares o Teatro conta com: 186 lugares sentados na plateia 4 lugares [&hellip;]<\/p>\n","protected":false},"featured_media":1010,"template":"","meta":{"_acf_changed":false},"product_brand":[],"product_cat":[44],"product_tag":[],"class_list":{"0":"post-1006","1":"product","2":"type-product","3":"status-publish","4":"has-post-thumbnail","6":"product_cat-events","7":"yith_shop_vendor-vendor1","9":"first","10":"instock","11":"taxable","12":"shipping-taxable","13":"purchasable","14":"product-type-simple"},"acf":[],"_links":{"self":[{"href":"https:\/\/vr4tourism.footar.co\/pt-pt\/wp-json\/wp\/v2\/product\/1006","targetHints":{"allow":["GET"]}}],"collection":[{"href":"https:\/\/vr4tourism.footar.co\/pt-pt\/wp-json\/wp\/v2\/product"}],"about":[{"href":"https:\/\/vr4tourism.footar.co\/pt-pt\/wp-json\/wp\/v2\/types\/product"}],"wp:featuredmedia":[{"embeddable":true,"href":"https:\/\/vr4tourism.footar.co\/pt-pt\/wp-json\/wp\/v2\/media\/1010"}],"wp:attachment":[{"href":"https:\/\/vr4tourism.footar.co\/pt-pt\/wp-json\/wp\/v2\/media?parent=1006"}],"wp:term":[{"taxonomy":"product_brand","embeddable":true,"href":"https:\/\/vr4tourism.footar.co\/pt-pt\/wp-json\/wp\/v2\/product_brand?post=1006"},{"taxonomy":"product_cat","embeddable":true,"href":"https:\/\/vr4tourism.footar.co\/pt-pt\/wp-json\/wp\/v2\/product_cat?post=1006"},{"taxonomy":"product_tag","embeddable":true,"href":"https:\/\/vr4tourism.footar.co\/pt-pt\/wp-json\/wp\/v2\/product_tag?post=1006"}],"curies":[{"name":"wp","href":"https:\/\/api.w.org\/{rel}","templated":true}]}}

<p>A sala de espetáculos do Teatro Municipal Baltazar Dias encontra-se preparada para apresentação de espetáculos de teatro, dança, música e cinema. Esta sala caracteriza-se pela típica cena à italiana com palco fixo central, plateia, camarotes e frisas.</p>
<p>Com uma lotação total de 384 Lugares o Teatro conta com:</p>
<ul>
<li>186 lugares sentados na plateia</li>
<li>4 lugares adaptados para pessoas com mobilidade reduzida</li>
<li>66 lugares nas frisas</li>
<li>128 lugares nos Camarotes</li>
</ul>
<p>O Salão Nobre do Teatro Municipal Baltazar Dias é um espaço amplo e apto para acolher exposições, conferências, lançamentos e outros certames em ambiente mais intimista com o público, tendo capacidade para 130 cadeiras.</p>

<p>A sala de espetáculos do Teatro Municipal Baltazar Dias encontra-se preparada para apresentação de espetáculos de teatro, dança, música e cinema. Esta sala caracteriza-se pela típica cena à italiana com palco fixo central, plateia, camarotes e frisas. Com uma lotação total de 384 Lugares o Teatro conta com: 186 lugares sentados na plateia 4 lugares [&hellip;]</p>
